757 composite?
False
Is 5303633 a prime number?
True
Is 1612069 a prime number?
True
Is 8131807 composite?
False
Is 2202899 composite?
False
Is 142846357 prime?
False
Is 31378909 a composite number?
False
Is 355361 a prime number?
True
Is 78195587 prime?
True
Is 106062137 a prime number?
True
Is 450267955 a composite number?
True
Is 2373873 a composite number?
True
Is 1772759 prime?
True
Is 382403159 prime?
True
Is 68311393 prime?
False
Is 4269469 prime?
True
Is 54869601 composite?
True
Is 25112881 a prime number?
True
Is 113028745 a composite number?
True
Is 6479623 a prime number?
False
Is 495283 a composite number?
True
Is 794579 prime?
True
Is 149305301 composite?
True
Is 57243031 prime?
True
Is 19955515 a prime number?
False
Is 780842501 composite?
True
Is 23679749 prime?
False
Is 181899227 a prime number?
False
Is 3438313 a prime number?
True
Is 89539727 prime?
True
Is 16928797 a composite number?
False
Is 80482781 composite?
True
Is 17620711 composite?
True
Is 9431293 prime?
False
Is 79717 a prime number?
False
Is 3381427 a prime number?
False
Is 15137831 composite?
False
Is 3957 prime?
False
Is 11748067 a prime number?
True
Is 3782869 composite?
False
Is 10544935 prime?
False
Is 57105761 a prime number?
True
Is 77398279 composite?
True
Is 462163202 composite?
True
Is 429241573 a prime number?
True
Is 32328587 prime?
False
Is 91448557 composite?
False
Is 55379477 prime?
True
Is 89559727 a prime number?
False
Is 37901959 prime?
False
Is 643859 a prime number?
True
Is 5650706 prime?
False
Is 5866013 a prime number?
True
Is 14543137 a composite number?
True
Is 101784713 a prime number?
False
Is 278659981 prime?
True
Is 9588469 a prime number?
False
Is 772193 prime?
False
Is 2533627 composite?
False
Is 3591701 a prime number?
False
Is 50087621 prime?
False
Is 61781858 a composite number?
True
Is 346366 a composite number?
True
Is 299367181 prime?
True
Is 110562061 a prime number?
True
Is 83738173 a prime number?
True
Is 27589223 composite?
False
Is 227512073 composite?
False
Is 1290673 a prime number?
True
Is 60641623 a prime number?
False
Is 48217717 a prime number?
False
Is 2393983 a prime number?
False
Is 16277069 prime?
True
Is 12709237 composite?
False
Is 10841399 composite?
True
Is 279770501 prime?
True
Is 1430111 a composite number?
True
Is 51769793 a composite number?
False
Is 1049519 composite?
False
Is 81104423 prime?
True
Is 25584023 prime?
False
Is 356627911 a composite number?
True
Is 18219919 a prime number?
True
Is 1127741 a composite number?
False
Is 66418897 a prime number?
True
Is 115663657 prime?
False
Is 229243 a composite number?
True
Is 19626479 prime?
True
Is 6722971 prime?
False
Is 4092903577 a composite number?
True
Is 709411 a prime number?
False
Is 28587277 composite?
True
Is 238739497 composite?
False
Is 585407411 prime?
False
Is 85623721 prime?
True
Is 1992658733 a prime number?
False
Is 819088229 a prime number?
False
Is 137209427 prime?
True
Is 25416089 a prime number?
True
Is 17310422 prime?
False
Is 8661791 a prime number?
False
Is 26847929 a composite number?
False
Is 6362879 a composite number?
True
Is 2705237 composite?
True
Is 9729017 a prime number?
True
Is 1603529 composite?
False
Is 476485007 prime?
True
Is 621618411 a composite number?
True
Is 65735759 a composite number?
True
Is 5536789 a composite number?
False
Is 7156043 a composite number?
False
Is 1612601 prime?
True
Is 20481761 a composite number?
True
Is 67975937 composite?
True
Is 156182389 prime?
False
Is 37433831 composite?
False
Is 4797439 prime?
True
Is 152591617 prime?
True
Is 3894461 a composite number?
True
Is 167731079 prime?
False
Is 567661957 composite?
False
Is 4043743 a composite number?
True
Is 156104381 composite?
True
Is 7663619 prime?
False
Is 528131 a composite number?
False
Is 5527411 a composite number?
False
Is 161164601 composite?
True
Is 728274947 a prime number?
False
Is 83538965 prime?
False
Is 3043973 composite?
False
Is 24822977 prime?
True
Is 2713021 a composite number?
True
Is 94363847 composite?
False
Is 1731713 a prime number?
False
Is 2221567 composite?
False
Is 37044433 a prime number?
False
Is 59558389 composite?
True
Is 12008509 a composite number?
False
Is 16964009 prime?
False
Is 6892031 a composite number?
False
Is 51919013 composite?
False
Is 1779931 composite?
False
Is 141077005 a prime number?
False
Is 9974311 composite?
True
Is 20578981 a prime number?
True
Is 6306683 composite?
True
Is 18258547 a prime number?
True
Is 44490731 prime?
True
Is 12332665 prime?
False
Is 19105441 a prime number?
True
Is 16554259 a composite number?
True
Is 15132853 composite?
False
Is 172599821 prime?
True
Is 1234049413 prime?
True
Is 11113 a composite number?
False
Is 431383793 a prime number?
True
Is 128048489 a prime number?
True
Is 56150597 prime?
True
Is 53099 a prime number?
False
Is 1528691 composite?
True
Is 194985211 a prime number?
True
Is 1419611 prime?
True
Is 3864587 prime?
True
Is 655939 a prime number?
False
Is 457510159 a prime number?
True
Is 16563217 a prime number?
False
Is 11105767 a composite number?
False
Is 153941417 a composite number?
True
Is 17903131 prime?
False
Is 1247969 a prime number?
True
Is 166744213 a prime number?
True
Is 34556509 prime?
False
Is 1224193 prime?
True
Is 6929083 a composite number?
True
Is 20395633 composite?
False
Is 3048469 composite?
True
Is 19544999 a prime number?
True
Is 127826569 a composite number?
True
Is 45322661 prime?
False
Is 5326493 composite?
False
Is 8638291 prime?
True
Is 1689747 a composite number?
True
Is 97491817 a prime number?
True
Is 1574723 a composite number?
True
Is 35438153 prime?
True
Is 1464217 a composite number?
True
Is 775334959 a prime number?
False
Is 5898523 composite?
True
Is 247871051 a prime number?
True
Is 28968997 composite?
False
Is 530863 prime?
False
Is 32107 composite?
True
Is 50565269 a prime number?
True
Is 7880073 prime?
False
Is 1403831353 a prime number?
True
Is 38027611 composite?
True
Is 36318103 a composite number?
True
Is 55788241 a composite number?
True
Is 5242313 composite?
False
Is 1210985 a prime number?
False
Is 13938133 a prime number?
False
Is 1746707 prime?
True
Is 1311599 composite?
False
Is 12968053 composite?
True
Is 652139 prime?
False
Is 8814937 a composite number?
True
Is 458281 a prime number?
False
Is 4748858 composite?
True
Is 2784953 prime?
False
Is 36365539 a composite number?
True
Is 2801543 composite?
False
Is 15632651 a composite number?
False
Is 13593737 prime?
True
Is 367981 a prime number?
False
Is 31804891 a composite number?
False
Is 15679319 a prime number?
True
Is 886607 a composite number?
False
Is 4227859 a composite number?
False
Is 182399923 a composite number?
True
Is 32875373 composite?
False
Is 393277 prime?
False
Is 323683 composite?
True
Is 7355857 prime?
True
Is 530024134 a prime number?
False
Is 7139351 composite?
False
Is 59300149 composite?
True
Is 4624133 prime?
True
Is 240311 composite?
True
Is 3840697 a prime number?
False
Is 3619769 composite?
False
Is 259331807 prime?
False
Is 10880651 a composite number?
False
Is 17001914 prime?
False
Is 1271819 a prime number?
False
Is 234302923 a composite number?
False
Is 80761 a prime number?
True
Is 86783873 prime?
False
Is 12052277 a prime number?
False
Is 12979597 a composite number?
False
Is 96563629 a prime number?
True
Is 945537 composite?
True
Is 394483 composite?
True
Is 5725663 a prime number?
True
Is 54649901 prime?
True
Is 633319 a composite number?
True
Is 200101381 a composite number?
False
Is 10211881 prime?
False
Is 5953877 composite?
True
Is 5314003 composite?
False
Is 62164001 composite?
False
Is 114295 prime?
False
Is 2368943 a prime number?
False
Is 3601837 composite?
False
Is 26518123 prime?
True
Is 15643049 a composite number?
True
Is 89681 a prime number?
True
Is 1818214 a prime number?
False
Is 2751337 prime?
True
Is 1131253 composite?
False
Is 342649 a composite number?
True
Is 199507177 a prime number?
False
Is 1275523 prime?
True
Is 26806371 a prime number?
False
Is 52387945 prime?
False
Is 3363089 prime?
True
Is 2086217 composite?
True
Is 70522259 composite?
True
Is 23730587 a composite number?
True
Is 43665709 a composite number?
True
Is 48921661 prime?
True
Is 60913439 prime?
True
Is 22254017 a prime nu